.
2, 5
Suppose 0 = -14*v + 30937 + 8193. What are the prime factors of v?
5, 13, 43
Suppose -3*o + 39 = -12. What are the prime factors of o?
17
Let j be 4 + (2/(-1) - -2). Suppose -14 = -j*v + 82. Suppose -v + 80 = 2*h. What are the prime factors of h?
2, 7
Suppose -390 - 174 = 3*p. Let y = 371 + p. List the prime factors of y.
3, 61
Let o = 32 + -20. Suppose 8*m + 3*f + 21 = 5*m, 3*m - f = -1. Let v = o + m. List the prime factors of v.
2, 5
Let y(w) = -15*w + 11. Let b be y(-6). Let n = b - 48. What are the prime factors of n?
53
Let d(k) = 2*k**3 - 15*k**2 + 9*k - 77. What are the prime factors of d(10)?
3, 19
Suppose 4*v - 4289 = 60*c - 61*c, -v = 2*c - 8599. List the prime factors of c.
11, 17, 23
Let u(m) = 3*m - 9. Let y be u(4). Suppose 4*q = -y*q + 546. What are the prime factors of q?
2, 3, 13
Suppose 4*x + 660 + 643 = 5*o, 3*o - 2*x - 783 = 0. Suppose -r + 5*i + o = 3*r, 5*i - 169 = -2*r. List the prime factors of r.
2, 3
Suppose 3*y = 2*c - 14, -2*c + 2*y = -15 + 3. Suppose 61 = 3*a + c. What are the prime factors of a?
19
Suppose 69*j = 87*j - 35280. List the prime factors of j.
2, 5, 7
Suppose -5*j = -3*j - 4. What are the prime factors of (j - -1)/((-6)/(-28))?
2, 7
Suppose -5*b - 3*j + 17223 = -5*j, -3*j + 10317 = 3*b. What are the prime factors of b?
11, 313
Let n(a) = -3*a**2 + 6*a + 26. Let u(r) = 7*r**2 - 12*r - 51. Let h(p) = -5*n(p) - 2*u(p). List the prime factors of h(13).
3, 7
Suppose -22*w + 462 = -8*w. Let u = 125 - w. What are the prime factors of u?
2, 23
Let s(f) be the third derivative of 23*f**4/24 - 4*f**3/3 - 9*f**2. List the prime factors of s(8).
2, 11
Suppose 4*n = -2*q + 2462 + 2756, 0 = -4*q + 3*n + 10458. List the prime factors of q.
3, 13, 67
Let o(r) = r**3 - 6*r**2 - 5*r + 10. Let l be (12/16 - -1)*4. Let s be o(l). Let h = 51 - s. List the prime factors of h.
3
Let g(h) be the third derivative of h**5/60 + 3*h**4/8 - h**3/3 + 3*h**2. Let a(p) be the first derivative of g(p). List the prime factors of a(7).
23
Let n(f) = 424*f**2 - f + 2. List the prime factors of n(-1).
7, 61
Suppose -4*l + 2 = y + y, -5*l + 1 = 2*y. Suppose 27 = y*i - 66. List the prime factors of i.
31
Let t be ((-1)/((-4)/(-6)))/((-9)/24). Suppose -44 = -t*h - 24. List the prime factors of h.
5
Let a(i) = -4*i + 77. Let r(m) = 12*m - 230. Let q(n) = -11*a(n) - 4*r(n). What are the prime factors of q(0)?
73
Let a be (36/(-30))/(6*3/(-60)). Suppose -6*r = -r - 4*k - 523, 0 = 2*r - a*k - 202. What are the prime factors of r?
107
Suppose 5*k - 3*c = 6313 - 2520, 2269 = 3*k + 5*c. List the prime factors of k.
2, 379
Suppose 0 = 3*m + m - 4, 5*l - 4*m = 106. Suppose l*f = 23*f - 92. List the prime factors of f.
2, 23
Let f(n) = 4 - 4 - 1 + 3*n. Let k be f(3). Suppose -k = -2*o + 10. What are the prime factors of o?
3
What are the prime factors of 12*6/54*276?
2, 23
Suppose 14*m - 8*m - 126 = 0. Let i = 210 + m. What are the prime factors of i?
3, 7, 11
What are the prime factors of (-36)/(1338/(-148) + 9)?
2, 3, 37
Suppose 2*g = 3*t + 89, 4*t + 59 = 2*g + 7*t. Suppose 0*d = -4*d + 2*n + 68, 3*d + 2*n - g = 0. Let l = d - -27. List the prime factors of l.
2, 3, 7
Let f(g) = 12*g**2 - 30*g - 14. Let j(w) = -4*w**2 + 10*w + 5. Let v(k) = -5*f(k) - 16*j(k). What are the prime factors of v(9)?
2, 7
Suppose -8*v + 376 = -272. Suppose 0 = 3*a - v - 18. List the prime factors of a.
3, 11
Let f be -3 + ((-40)/(-4) - 2). Suppose 0 = f*q - 175. Let x = -1 + q. List the prime factors of x.
2, 17
Let t(q) = -60*q - 10. Let o be t(-3). Suppose 5*g - 300 = p + 534, -o = -g - 3*p. What are the prime factors of g?
167
Let c(r) = -2 + 3*r - 6*r + 0*r + 4. Let i be c(-7). Suppose 3 = 2*q - i. What are the prime factors of q?
13
Suppose -4*p + 2229 = -59. Suppose 3*x = -x + p. What are the prime factors of x?
11, 13
Let z be 21*((-24)/9 + 1) - 4. What are the prime factors of ((-62)/6)/(13/z)?
31
Let i be (-3 - 126/(-45)) + (-208)/10. Let q = -34 + 71. Let p = q + i. List the prime factors of p.
2
Let g(s) = -192*s - 120. What are the prime factors of g(-3)?
2, 3, 19
Suppose -3 + 33 = j. Suppose l + j - 88 = 0. List the prime factors of l.
2, 29
List the prime factors of -10*(-3)/6*(-18 + 65).
5, 47
Let o(r) = 234*r - 7. Let g be o(3). Suppose 4*v - g = -v. List the prime factors of v.
139
Let u(z) = 947*z + 47. What are the prime factors of u(3)?
2, 19
Let y = -1212 + 2779. List the prime factors of y.
1567
Suppose 0 = -22*h + 25*h - 684. List the prime factors of h.
2, 3, 19
Let w(m) = m**3 - m**2 - m - 2. Let k be w(2). Suppose k*n + 2*n = 190. Suppose -2*x - 4*h + 58 = 0, -2*h + n = 4*x - 21. What are the prime factors of x?
29
What are the prime factors of (-3150)/(-8) - 38/(-152)?
2, 197
Let q = -153 - -157. Suppose -2*i = -q, 14*k - 2*i - 105 = 13*k. List the prime factors of k.
109
Let x(p) = -11*p + 1. Let m be x(4). Let q = 91 - m. What are the prime factors of q?
2, 67
Suppose 96*j + 712 = 97*j. What are the prime factors of j?
2, 89
Suppose -1770 - 1550 = -8*g. What are the prime factors of g?
5, 83
Let s = 118 - 80. Let v = s + -56. Let i = v - -26. What are the prime factors of i?
2
Suppose -6*j + 2190 = -j. What are the prime factors of j?
2, 3, 73
Suppose -11 = 2*h - 15. Suppose -f + 82 = -4*b, 4*b + 172 = h*f - 0*b. What are the prime factors of f?
2, 3, 5
Let y be -3 + 2 - (5 - -2). Let k be 3*(3 - 4) - y. Let f = k - -5. What are the prime factors of f?
2, 5
Let a be -46*(3 - (-1 + 5)). Let q be (-10 + 1)/((-2)/6). Let i = a - q. List the prime factors of i.
19
Suppose 38*j - 5*a = 43*j - 1180, -a - 232 = -j. What are the prime factors of j?
2, 3, 13
Suppose p = 3*k - 3348, 3*p - 4464 = -4*k + p. What are the prime factors of k?
2, 3, 31
Let y(c) = -10*c**2 + 5*c + 8. Let m be y(-4). Let q = m + 107. Let w = 111 + q. List the prime factors of w.
2, 23
Suppose 16*m - 48681 = -11*m. What are the prime factors of m?
3, 601
Let y = 57 - 55. Suppose 0 = -3*w + 4*w + y*h - 79, 0 = -h. What are the prime factors of w?
79
Let u(y) = 3 + 4*y - 1 - 2 - 4. Let v be u(8). List the prime factors of 1001/v + (-3)/(-12).
2, 3
Let u = -78 - -87. Suppose -u*d = -7*d - 418. List the prime factors of d.
11, 19
Let v(n) = -63*n**3 - n**2 + n. Let g be 2/6 - (-36)/54. Let p be v(g). List the prime factors of (1 - 3) + 5 - p.
2, 3, 11
Suppose 3*j - 616 = 4*x, 2*x - j + 485 = 175. Let o(y) = -234*y**2 + y - 1. Let l be o(1). Let g = x - l. List the prime factors of g.
7, 11
Let q(v) = -16 + 4 + 8*v + 8. Let z be q(-3). Let o = 21 - z. List the prime factors of o.
7
Let o = 2738 - 1562. What are the prime factors of o?
2, 3, 7
Let p(j) = -9*j**3 + 6*j**2 - 2*j + 18. Let a(q) = 16*q**3 - 13*q**2 + 5*q - 36. Let z(d) = -4*a(d) - 7*p(d). What are the prime factors of z(6)?
2, 3, 7
Let k = 18 - 18. Suppose k = 5*m - 208 - 157. List the prime factors of m.
73
List the prime factors of (1 - 1253)/(110/44 + -3).
2, 313
Let n(d) = -21*d - 53. List the prime factors of n(-25).
2, 59
Let d(x) = 2*x**3 - 11*x**2 - 8*x - 12. List the prime factors of d(9).
3, 7, 23
Let d = -10 + 11. Suppose 2*a = 4*u, -4 = -2*a + 3*u - d. Suppose q - a*q = 2*n - 139, 5*n = -2*q + 43. List the prime factors of q.
29
Suppose -3*v + 3296 + 342 = 5*d, 3*d + 2457 = 2*v. List the prime factors of v.
3, 11, 37
Let j(u) = u - 4. Let k be j(4). Let m(y) = y**3 + y**2 + 1. Let r(a) = 4*a**3 + 5*a**2 - a - 44. Let x(t) = 5*m(t) - r(t). What are the prime factors of x(k)?
7
Let a = -1104 - -1586. List the prime factors of a.
2, 241
Let v(t) be the second derivative of t**5/40 + 3*t**4/8 - t**3/2 - 8*t. Let i(r) be the second derivative of v(r). List the prime factors of i(4).
3, 7
Suppose 5*t = 0, 3*d = 29*t - 25*t + 7323. List the prime factors of d.
2441
Let g be (-7)/(-21) + 4/((-12)/(-35)). List the prime factors of g/(-48) - (233/4)/(-1).
2, 29
Let u be (-2 + 2/1)/2. Suppose -3*w - 10*w + 2938 = u. List the prime factors of w.
2, 113
Let z be ((-32)/20)/((-5)/((-2325)/(-6))). Let l = z + 25. What are the prime factors of l?
149
What are the prime factors of 4 - (-704 + 1 + 0) - 2?
3, 5, 47
Suppose 0*m = -3*m. Suppose -q + 1 = -m. What are the prime factors of q/1 + -4 + 6?
3
Let f(x) = x**3 - 8*x**2 + 8*x - 7. Let y be f(7). Let q be (-9 + 7)*(4 + y). Let w(c) = c**3 + 7*c**2 - 11*c - 1. Wh